.
-6
Let y(f) = 7 - 20*f - 5 - 1 + 2*f**2 + 0*f**2 - 20. Determine y(9).
-37
Suppose -107*b + 12 = -101*b. Let q(z) = 5 - z**3 + 51*z + 17*z + 8*z**b - 71*z. Give q(7).
33
Suppose -3*h + 9 = 3*s, h - 14 = 3*s - 7. Suppose 6*n = -h*n - 850. Let f = n - -86. Let x(g) = 8*g**3 - 2*g**2 + 1. Calculate x(f).
7
Let p(g) = 985 - 441 - 2*g**2 - 570 - 5*g - 12*g. Determine p(-6).
4
Let d(g) = -40*g + 2. Let n(u) = 307*u - 17. Let c(y) = 46*d(y) + 6*n(y). Give c(3).
-4
Suppose -19*d = -22*d + 6. Let r(b) = 62 - 26 - 32 - b**d. Give r(0).
4
Let b(j) be the third derivative of -1/24*j**6 + 0*j + 0*j**4 + 2*j**2 + 0*j**5 + 0 + 0*j**3. Suppose 4*p = -5*y + 16, 5*p = 3*p - 3*y + 10. Give b(p).
5
Let d(y) be the first derivative of -y**4/4 - 6*y**3 - y**2/2 - 24*y + 13. Suppose -127 = 9*b + 35. Calculate d(b).
-6
Let q(u) = -u**3 - 6*u**2 - 3*u + 7. Let a be 21 + -2 - (-8 + 15). Let g = -17 + a. Give q(g).
-3
Let g = -2120 + 2125. Let r(s) = -10*s - s**3 + 8*s**2 - 1 + 6*s - 2*s. Give r(g).
44
Suppose 4*k = 5*c - k - 80, 5*k + 44 = 2*c. Let y be ((-3)/(c/16) + 1)*3. Let s(d) = -d**3 - 8*d**2 + 8*d - 5. Determine s(y).
4
Let j(p) = 4*p + 8. Let t(r) = 19*r + 9. Let o(l) = -3*j(l) + 3*t(l). Determine o(-2).
-87
Let o(v) be the second derivative of v**3/6 - v**2/2 - 2*v. Suppose 4*a = -5*g + 2942, -2*g + 3*a + 1190 = -2*a. Let w = g - 590. Give o(w).
-1
Let k(q) be the first derivative of 5*q**2/2 + 28*q - 821. Give k(-10).
-22
Let d = -77 - -71. Let g(l) = 7*l**3 - 4*l**2 - 9*l - 27. Let f(q) = 20*q**3 - 13*q**2 - 25*q - 79. Let j(k) = d*f(k) + 17*g(k). Determine j(10).
-15
Let z(w) = -23*w + 89 + 8*w - 70 + 5*w**2. Let h be z(2). Let j(v) = v**2 - 8*v - 8. Determine j(h).
1
Let h(y) = -y**2 - 70*y + 463. Let t be h(6). Let o(x) = 2*x**2 - 9*x + 10. Calculate o(t).
45
Let n(p) = -2*p**2 - 10*p - 7. Suppose 292*a - 297*a = 2*r - 40, -5*a = 3*r - 40. Calculate n(r).
-7
Suppose -j + 5*y = 19, -5*j = -2*y + 2 - 22. Let r(w) = w + 3. Let f(s) = -4*s - 8. Let x(i) = -5*f(i) - 16*r(i). Calculate x(j).
16
Let f = -3018 + 3012. Let x(a) = 24*a + 145. Determine x(f).
1
Let l(b) = b**3 - 4*b**2 - 6*b - 1. Let y = -331 - -352. Suppose s - 4*c = y, -3*s - c + 5*c = -31. What is l(s)?
-6
Let m(c) be the first derivative of -c**4/2 - 19*c**3/3 - 5*c**2 - 15*c - 4. What is m(-9)?
-6
Let d(s) = 7*s**2 - s - 1. Let i be d(-1). Let g be (2 - -1)/((-1)/(-6)*6). Let q(w) = -2 + 11*w**2 - 3*w**2 - 3 + 2 + g*w - w**3 - 10*w. Give q(i).
-3
Let c(h) = 3*h**3 + 76*h**2 + 20*h + 56. Let w(v) = v**3 + 25*v**2 + 7*v + 18. Let d(l) = -6*c(l) + 17*w(l). Determine d(-31).
1
Let w(g) be the second derivative of -g**5/20 + g**4/6 - g**3 + 3*g**2/2 - 977*g - 5. Give w(1).
-2
Let m(g) be the second derivative of g**3/2 + 29*g**2 + 2189*g - 2. Determine m(0).
58
Suppose -472 = -5*b - 223 - 234. Let r(k) = 5*k + 1. Calculate r(b).
16
Let x = 1 + 1. Let r be 18 - (-1 + x + 2). Let n(q) = -6 + 20 - r - q. Calculate n(2).
-3
Suppose 18 = 9*x - 0*x. Let y(q) = 9 + 13*q + 7*q**x + 13*q + q**3 - 25*q. Determine y(-7).
2
Let u(c) = 20*c + 7. Let q(x) = -14*x - 8. Let w(j) = -7*q(j) - 5*u(j). What is w(18)?
-15
Let b(m) = -15*m + 392. Suppose 717 - 110 = 43*i - 511. Calculate b(i).
2
Suppose 3*s - 48 = -0*s - a, -2*a = 5*s - 80. Suppose -s*g - 3 + 35 = 0. Let x(j) = -j**2 - 3*j - 6. Let b(m) = m + 1. Let v(r) = 5*b(r) + x(r). Calculate v(g).
-1
Let t(h) = -3*h**2 + 3. Let p = 272 + -164. Suppose -4*d + 166 + p = -2*n, 64 = d - 2*n. Let a = d - 67. Give t(a).
-24
Let i(w) = 3*w - 63. Suppose -4*z + 86 = 5*r, -49*z + 2*r = -51*z + 42. Give i(z).
-6
Let q = 297 - 292. Let c(f) = -26*f - 28. Let j(s) = -21*s - 28. Let x(i) = q*j(i) - 4*c(i). Calculate x(-17).
-11
Let l(x) be the first derivative of -72 + 1/3*x**3 + x - 4*x**2. Give l(6).
-11
Suppose -4*c + 1 = 3*n, 9*n = 6*n + 3*c + 15. Let r(q) be the first derivative of -9 - 1/2*q**2 + 5/3*q**n + 3*q + 1/4*q**4. Calculate r(-5).
8
Let h = 56 + 176. Suppose -49*j - h = -47*j. Let m = j - -121. Let q(x) = -4*x + 5. Calculate q(m).
-15
Let w(p) = 7*p - 1. Let r(k) be the third derivative of -k**4/12 - k**2 + 58. Let b(t) = 4*r(t) + w(t). What is b(-2)?
1
Let l(c) be the first derivative of -c**6/360 - c**5/120 + c**4/8 - c**3/3 - 113*c + 60. Let i(t) be the third derivative of l(t). Give i(3).
-9
Let w(f) = f + 3. Suppose 26*q - 33*q = -42. Let p be ((-60)/45)/(0 - q/9). What is w(p)?
5
Suppose -9*w + 4*w = 30. Let n(m) = -73*m**2 - 5*m + 2. Let k(j) = 134*j**2 + 10*j - 5. Let q(t) = -6*k(t) - 11*n(t). Calculate q(w).
2
Let k(o) = 27*o**3 + 2*o + 1. Suppose 12 = -258*h + 252*h. Let f be 33/(-55) + h/5. Calculate k(f).
-28
Let s(b) = b**3 - 6*b**2 - 19*b + 20. Let o = 10555 - 10547. Determine s(o).
-4
Let y(g) = -7*g. Let u(i) = i**2 - i. Let t(w) = u(w) + y(w). Suppose -s + 1 = -5*h + 19, -3*h + 4 = -4*s. Let q be (13/h)/(-13) + (-50)/(-8). Determine t(q).
-12
Let p(x) = x**3 - 17*x**2 + 29*x + 6. Suppose 77*t - 115 = 1040. Determine p(t).
-9
Let u(d) = -2*d - 9. Let v(o) = -o - 2. Let t(a) = -u(a) + 4*v(a). Let f(w) = 3*w. Let x be f(1). Give t(x).
-5
Let a(s) = 1570 - 64*s - 84*s + 18 + 196*s. Calculate a(-33).
4
Let i(o) be the first derivative of o**4/24 - o**3 - 55*o**2/2 + 77. Let y(t) be the second derivative of i(t). Let m be 0/2 + 1 + 2. Determine y(m).
-3
Let r be 5/((-5)/(-12))*3/9. Let w = -89 + 107. Suppose -2*o + 3*f + w = 2*o, -26 = -r*o - f. Let n(p) = 2*p - 5. Calculate n(o).
7
Suppose 2*s - 4*k + 38 = 0, -24 = -2*s + k - 41. Let a(i) = -6*i + 5. Let l(o) = o. Let y(u) = a(u) + 5*l(u). What is y(s)?
10
Let j(q) = 2*q + 13*q - 113 + 633 + 9*q. What is j(-22)?
-8
Suppose x = 12661 - 12671. Let p(z) = z**3 + 9*z**2 - 6*z + 20. Calculate p(x).
-20
Let o(d) = -4 - 4 - d + 8 - 6. Let j(f) = f**3 + 8*f**2 + 9*f. Let w be j(-4). Let z = w + -28. What is o(z)?
-6
Let t(v) = -v - 7. Let d be t(23). Let o(a) = a**3 + 31*a**2 + 32*a + 64. Let i be o(d). Let x(r) = r + 6. What is x(i)?
10
Let o = -992 + 993. Let v(i) = 2*i**3 - 2*i**2 + i + 1. Determine v(o).
2
Let s be 3/(-5)*150/(-30). Let t(l) = 2*l**s - 4 + 1 + 8*l - l**3 + 9 + 7*l**2. What is t(-6)?
-6
Let l be (6/(-9))/(-1) - (-32)/6. Suppose 4*x = -2 - 2, 3*o - 3*x = 9. Let f(i) = -5 + o + i + 1 - 6. Determine f(l).
-2
Let g(z) be the first derivative of -2*z**3/3 + 10*z**2 - 20*z + 1140. Calculate g(9).
-2
Let z(h) = -h**2 - 9*h + 1. Let l(w) = w**2 - 20*w - 5. Let n(u) = -l(u) + z(u). Determine n(6).
0
Let c(p) be the first derivative of p**4/4 - 8*p**3/3 + 9*p**2 - 20*p + 3091. What is c(4)?
-12
Let w(u) = -u**3 - 2*u**2 + 11*u - 3. Let f be w(-4). Let b be 0 + (-1 - f/5). Let z(i) = 10*i**b - 9*i**2 + 3*i - 7*i. Determine z(3).
-3
Let b(n) = 6*n**2 - 40*n - 10. Let r be b(7). Suppose -2 - 6 = -r*x. Let g(l) = -2*l**3 + 4*l**2 - 2*l - 2. Calculate g(x).
-6
Let j(n) = -n**3 + 2*n**2 - n + 1. Suppose -13*q = -7*q - 24. Suppose -z = -5*x + x + 61, -4*x = -q*z - 76. Suppose x = 3*l + 4*l. What is j(l)?
-1
Let i(p) = -2*p**2 - 13*p - 10. Let q be (1 + (0 - 2))*(74 + -52). Let u(f) = -f - 30. Let v be u(q). What is i(v)?
-34
Let f(h) be the third derivative of -h**4/4 - 103*h**3/6 + 1526*h**2. Give f(-16).
-7
Let w(q) = q + 1. Let t(u) = -10. Let j be (1 + 37)*(-7)/14. Let n = 20 + j. Let f(y) = n*t(y) + 10*w(y). Give f(-1).
-10
Let v(q) = 2341 - 774 - 2*q - 779 - 783. Let x be (-66)/(-10) + (-4)/(-10). Determine v(x).
-9
Suppose 2*h = -2*k + 22, 2*k - 45 - 3 = -4*h. Let g(u) = -u**3 + 14*u**2 - 10*u - 32. Give g(h).
7
Let y(s) be the first derivative of -s**5/15 - s**4/6 - s**3/2 + 3*s**2 - 2*s - 92. Let z(u) be the second derivative of y(u). What is z(-3)?
-27
Let t be 5/(-3)*(468/(-10))/13. Let o(d) = 5 - 8*d**2 + 407*d - 418*d + t*d**2 + 0*d**2. What is o(-6)?
-1
Let x be 8 + -2 + -2 - (0 - 11). Suppose 18*s - 3 = x*s. Let n(o) = -8*o**2 - 2*o + 7. Let v(p) = p**2 - 1. Let y(c) = -n(c) - 6*v(c). Determine y(s).
3
Let v(n) be the third derivative of n**6/120 - n**5/12 - n**4/12 + n**3/2 - 1366*n**2. Determine v(4).
-21
Let j = 9570 + -9564. Let u(t) be the third derivative of 0 - 1/12*t**5 + 0*t - 1/6*t**4 - 1/120*t**j + 5/6*t**3 - 22*t**2. Give u(-4).
5
Let x = -72 - -75. Suppose -x*d + 8 = -7*d. Let t(j) = 5*j - 2. Give t(d).
-12
Let c(w) = -w**2 - 59*w - 503. Let s be c(-11). Let k(d) = 5*d -